{"id":176,"date":"2017-02-24T15:43:23","date_gmt":"2017-02-24T15:43:23","guid":{"rendered":"http:\/\/grundschule-nortrup.de\/?page_id=176"},"modified":"2017-03-01T10:41:44","modified_gmt":"2017-03-01T10:41:44","slug":"schulprofil","status":"publish","type":"page","link":"http:\/\/grundschule-nortrup.de\/?page_id=176","title":{"rendered":"Schulprofil"},"content":{"rendered":"<p>Auf den folgenden Seiten zeigen wir Ihnen Ausschnitte unserer t\u00e4glichen Arbeit, unserer besonderen Schwerpunkte und unseren Vorstellungen von einer &#8222;guten Schule&#8220;.<\/p>\n<p>Die Arbeit am Schulprogramm besch\u00e4ftigt uns schon seit geraumer Zeit und wird auch in Zukunft eine stetige Aufgabe bleiben.<\/p>\n<p>Teile dieses Programmes m\u00f6chten wir fortlaufend auf unserer Homepage vorstellen.<br \/>\nEs w\u00e4re sch\u00f6n, wenn wir Anregungen, Kritik oder weitere Vorschl\u00e4ge auch von au\u00dfen als R\u00fcckmeldung auf unsere Arbeit bek\u00e4men.<\/p>\n","protected":false},"excerpt":{"rendered":"<p>Auf den folgenden Seiten zeigen wir Ihnen Ausschnitte unserer t\u00e4glichen Arbeit, unserer besonderen Schwerpunkte und unseren Vorstellungen von einer &#8222;guten Schule&#8220;. Die Arbeit am Schulprogramm besch\u00e4ftigt uns schon seit geraumer&#8230;<\/p>\n","protected":false},"author":1,"featured_media":0,"parent":37,"menu_order":3,"comment_status":"closed","ping_status":"closed","template":"page-templates\/no-sidebar.php","meta":[],"_links":{"self":[{"href":"http:\/\/grundschule-nortrup.de\/index.php?rest_route=\/wp\/v2\/pages\/176"}],"collection":[{"href":"http:\/\/grundschule-nortrup.de\/index.php?rest_route=\/wp\/v2\/pages"}],"about":[{"href":"http:\/\/grundschule-nortrup.de\/index.php?rest_route=\/wp\/v2\/types\/page"}],"author":[{"embeddable":true,"href":"http:\/\/grundschule-nortrup.de\/index.php?rest_route=\/wp\/v2\/users\/1"}],"replies":[{"embeddable":true,"href":"http:\/\/grundschule-nortrup.de\/index.php?rest_route=%2Fwp%2Fv2%2Fcomments&post=176"}],"version-history":[{"count":1,"href":"http:\/\/grundschule-nortrup.de\/index.php?rest_route=\/wp\/v2\/pages\/176\/revisions"}],"predecessor-version":[{"id":177,"href":"http:\/\/grundschule-nortrup.de\/index.php?rest_route=\/wp\/v2\/pages\/176\/revisions\/177"}],"up":[{"embeddable":true,"href":"http:\/\/grundschule-nortrup.de\/index.php?rest_route=\/wp\/v2\/pages\/37"}],"wp:attachment":[{"href":"http:\/\/grundschule-nortrup.de\/index.php?rest_route=%2Fwp%2Fv2%2Fmedia&parent=176"}],"curies":[{"name":"wp","href":"https:\/\/api.w.org\/{rel}","templated":true}]}}